
Evaluate -54 - (-115 + 9) - 35.
17
Evaluate 197 - 197 - (-44 - -1) - (5 - 0).
38
Calculate 18 - (-7 + -17) - -6 - 12.
36
What is the value of 8 + 30 - 14 - (141 + -61)?
-56
Evaluate (13489 - 13454) + (-2 - 0 - 31).
2
1 + 4 + (22 + -1 - ((57 - 101) + 25))
45
Calculate 135 + 2 - (-18010 + 18125).
22
Evaluate (0 - 65) + (35 - 60 - -20) + 10.
-60
What is the value of (55 - ((-4 - -32) + -3)) + -12?
18
What is the value of -62 + -7 + 32 - (-18 - 0)?
-19
What is the value of (4 - 4) + -1 + -12 + (107 - (-50 - -117))?
27
Evaluate 17 - (-6 + -10 + 19 + 2).
12
What is -49 - (13 + 0 - (-1 + 12 + -5)) - -8?
-48
What is the value of -38 + 17 + 8 - (11 + -8 + 17 + -7)?
-26
Evaluate -24 - (-6 - 92) - (43 + -18).
49
Evaluate -20 + -5 + 9 - (7 + 38 + -65).
4
65 - (-66 - -47 - 32)
116
Calculate (-97 - (-57 + (31 - 2))) + 1.
-68
What is (-2 + (-5 - 9) - -20) + 7?
11
What is the value of -2 + 33 + (-137 - -215) + -151?
-42
What is the value of (-4 - (0 - 29)) + -3 + -10 + -7 - 19?
-14
What is the value of -43 - -11 - ((-6 - -45) + -52)?
-19
67 + 6 - (135 + -109)
47
Evaluate 7 - 2 - (-26 + -2 - (-68 - -5)).
-30
What is the value of (-129 - -11) + 143 + (14 - (1 - 0))?
38
What is the value of 25 - (24 + (32 - 22) - 27)?
18
Calculate -2 - ((-16 - 15 - -23) + 70 + 1).
-65
65 + (-1 - 3) - (16 + -7 - 6)
58
Evaluate (91 - 80) + (-108 + 10 - (-9 + 0)).
-78
Evaluate 513 + -422 + -131 + 29.
-11
What is the value of 3 - -1 - 19 - (175 + -205 + -78 + 1)?
92
Calculate -32 - (-5 - (-20 - (-18 - -14))) - (-1 + -11).
-31
What is (62 - (29 - -83)) + (-2 - -1 - 1)?
-52
What is (3 - 23) + (2214 - 2267)?
-73
Evaluate -45 - (-4 + 5 + 4 + (14 - 13)).
-51
29 + (-9 - (-24 - -14))
30
Evaluate (-2 - -1 - (-24 - -6)) + (-330 - -401).
88
Evaluate -244 + 154 - (-7 - (-2 + 14)).
-71
(2 - 3 - (-8 + -1) - 3) + -18
-13
10 - (28 + 52 + 0)
-70
What is the value of -11 + 28 + -48 + 34 + -52?
-49
What is (1 - -11) + -42 + 93 + -47?
16
-15 + (6 + (1 - -18) - 6) - (1 - 29)
32
What is the value of (34 - 48) + -16 + 3 + -6 + -14?
-47
What is 102 + -34 + (-3 - 1 - -39)?
103
Evaluate -124 + 1 + (5893 - 5828).
-58
Evaluate -58 + (40 - (-3 + 19)) + 1.
-33
Evaluate -50 - ((-7 - -19) + (-35 - -67) + -47).
-47
3 - 60 - -2 - (3826 + -3807)
-74
19 - (152 - 46 - 165)
78
Evaluate 8 + 5 - -3 - -56.
72
Evaluate -35 + (2 - 8) + 22 + -3 + 34.
12
(171 - 172) + (-17 - -9)
-9
7 + 24 + (-26 - -2) + -49
-42
Calculate (-5 - 52) + (2 - 4 - (25 + -9)).
-75
What is -2 + -50 + 10 + 19 + 65?
42
-42 + 20 + 65 + -47
-4
What is -141 - (103 + -77) - -64?
-103
Evaluate (-9 - -6 - (9 - 29 - -40)) + (1 - -3).
-19
What is (-73 - 0) + (3381 - 3297)?
11
What is the value of 12 - 14 - 1 - (-8 - 0 - 8 - 8)?
21
What is 101 + (40 - 1 - 79) + 35?
96
What is 141 + -162 - (-16 - (8 + -9))?
-6
Evaluate (105 - (-3 + 73)) + 37.
72
What is -28 + 20 + 73 - 0?
65
-73 - ((-20 - -6) + -5 + 11 + 1)
-66
-5 + (-44 - (-38 + 0)) - (1 + 21)
-33
Calculate -84 + 41 + -38 + 29.
-52
What is -23 - -92 - 129 - 4?
-64
Evaluate (104 - 0) + (206 - (278 - 89)).
121
-16 + (-43 - -113) + 31
85
(-27 - -15) + (4 - -3) + -5 - -21
11
What is the value of (12 - 1) + 32 + (16 - 68)?
-9
What is 2 + (-6 - (-6 + 14)) + 19?
7
Calculate (81 - (87 - 77)) + -39.
32
What is 9 + (0 - 1) + (-1873 - -1878)?
13
What is (0 - 11 - -5) + 15 + (-41 - -9 - 0)?
-23
(-1 + -20 - (-360 - -400)) + 9
-52
-31 + (13 - -11 - 12 - 6) - -13
-12
Evaluate 13 - 27 - (8 + (14 - (14 - 26))).
-48
What is the value of 9 + -8 + (45 - 55)?
-9
What is the value of (1 + -51 - (-1012 + 986)) + 8?
-16
Evaluate -3 + 105 - (-13 + 15 + -11).
111
Calculate -103 - -91 - (1 + -25) - (-4 - (90 + -8)).
98
Calculate -9 + 15 + ((7 - 13) + 14 - 11).
3
What is the value of 11 + 27 - (-599 - -722)?
-85
-238 - (-278 + 20) - (30 + -2)
-8
What is 17 + -7 + -28 - 2 - -19?
-1
Evaluate (66 - (-3 - -5)) + (-82 - -77) - 13.
46
What is -52 - ((-8 + 17 + 11 - 9) + 8 + -11)?
-60
What is -17 + (4 - -27) + -87?
-73
What is -12 + (5 - (-30 + 16)) + -50?
-43
What is -19 - -5 - (-1 - (-12 - ((-8 - -2) + -108)))?
89
Calculate 29 + -10 + (5 - (10 + -4)) + 14 + -7.
25
What is 3 - -17 - 85 - -69?
4
Calculate 15 + -12 + (2 - 7) + -75 - (30 + -39).
-68
What is 1 + -5 - (16 - (60 - 6)) - (-1 - -10)?
25
Evaluate 33 + -23 + 54 + (-74 - -79).
69
4 - (-36 + (12 - 3)) - (-29 + 43)
17
Evaluate 33 - ((-1 - -55) + -285 + 301).
-37
Evaluate 1 + -1 + -6 - (-89 - -9 - (13 - 91)).
-4
(-55 - -19 - -65) + -32
-3
Evaluate (-41 - 3 - -49) + (-51 - 1) + -9 + 2.
-54
Evaluate (-122 + 3 - -152) + -84.
-51
134 + -139 + -18 - (10 + 2 + -4)
-31
What is the value of (-6 - (1 + -3)) + -2 - (273 + -243)?
-36
Calculate 40 + -11 + (1 + 20 - (-10 + 9)).
51
What is the value of (4 - 1 - 8) + 57 + -9 + -46?
-3
Calculate (4 - (16 + 4)) + (-156 - -211).
39
What is the value of 713 + -693 - (0 - -11)?
9
8 + -98 + -6 - (-19 + -25)
-52
What is the value of 124 + -94 + (-7 - -2)?
25
What is the value of (37 - (-24 + 74)) + (-78 - (-1 + -4))?
-86
Evaluate 2 + 8 - 116 - -1 - (-18 + 13 + -1).
-99
(-3 - 3 - (60 - -69)) + 21
-114
What is (-137 - (35 - 158)) + -13 + -2 + 1?
-28
2 + 38 + 48 + 1 - -10
99
What is -5362 + 5272 + (0 - 27 - 0)?
-117
Evaluate (-2 - 1) + (-127 - -119).
-11
What is the value of 13 + -2 - (-108 + 86 + -2 + 1)?
34
What is 1 + -13 + -9157 + 9266?
97
Evaluate 1 - 10 - 0 - (-23 - (-26 + (-12 - 27))).
-51
What is (-3 + 10 - 46) + 59?
20
16 - (-55 + 27) - (-6 - (-9 - -3))
44
Calculate 445 + -448 - (1 + -40).
36
-91 + (-17 - -106) + 101
99
What is the value of -638 - -649 - ((1 - 2) + (14 - 14))?
12
(109 + -67 - 82) + -8
-48
What is the value of -68 + -14 + 3 + 22 + -33?
-90
(-6 - 1) + (1 - -12) - (-18 + -3) - -3
30
Evaluate 45 + (0 + 3 - -1 - (2457 - 2471)).
63
What is (-19 - -18) + (-5 - 31) + 2?
-35
Evaluate -101 + (12 - -2) + 19 + 7.
-61
Evaluate -1 + 4 + -6 + 4 + 8 + 14.
23
Calculate -1 + 134 - (17 + 19 + 4 + (-95 - -46)).
142
What is the value of -44 - (109 + -116 + 76)?
-113
What is (40 + -16 - 14) + -7 + -1 + -39?
-37
6 - (19 + 60 + (-4 - -4 - (8 - 4)))
-69
Calculate 23 - ((-64 - -51) + (-6 - -128)).
-86
What is the value of -13 - -2 - (2755 + -2810)?
44
What is the value of (-29 - -70) + -33 + -5?
3
-11 - -14 - 28 - (161 + -101)
-85
Evaluate -2 + -92 + 149 + -149.
-94
Evaluate (686 + -747 - (-21 + 0)) + -2.
-42
Calculate -49 + (43 + -39 + (7 - -1) - (2 - -4)).
-43
(314 - 178 - (15 - -1) - -13) + 5 + -4
134
What is -15 + 31 + (66 - 45)?
37
What is the value of 20 + (-13 - (-11 - (-24 - -18)))?
12
Calculate (-280 - -404) + -135 - (-55 + 0).
44
Evaluate -3 + -19 + 16 + (-32 - (-11 + 6)).
-33
Evaluate -9 + (-8 - -39) + -25 - (2 + -4).
-1
(-1 + 18 + -30 - 3) + (-24 - 19)
-59
-11 + (10 - (-3 + -5)) + -11 + -32
-36
What is 5 - -12 - (45 - (-1 - -40))?
11
Calculate 13 - (3 + 24 + -1 - 33).
20
What is 4 + 36 + (2 - (-8 + (11 - -8)))?
31
What is 3 - 20 - ((-4 - 1) + -2) - (2 - -61)?
-73
What is the value of 47 + (12 - (1 - -4 - (-27 - -2)))?
29
Evaluate 8 - (-26 + -8) - (8 - (3 - 10 - -12)).
39
What is the value of -182 + 184 + (-4 - -3)?
1
Calculate -8 + -2 + (1 + 23 - (80 + -44 - 16)).
-6
Calculate -87 - (-14 + (-91 - -124)).
-106
What is -7 + (-3 - (-8 - ((-9 - -20) + -11))) - -39?
37
94 + 0 - (-1 + -15 + 15 + -12)
107
Evaluate (-31 - 4) + -76 + 40.
-71
1 - 71 - (8 + 0 + (37 - 46)) - 11
-80
Calculate 42 + 75 + -96 + (2 - -31).
54
8004 + -7965 - (0 + 130)
-91
Evaluate -3 + 19 - (33 + -81) - (-25 - -4).
85
Calculate 51 + 0 - (7 - (21 - 8 - 7) - -3).
47
What is the value of -428 + 376 - (-42 - -2)?
-12
Evaluate 24 + -34 - -58 - 70.
-22
Calculate (39 - 17 - (11 + -17 + -34)) + (-6 - 1).
55
What is the value of 12 + 26 + 22 + -103?
-43
What is the value of (-1 - 5) + (-3433 - -3467)?
28
-30 - (39 + -50) - -7
-12
Evaluate (-30 + 25 - (-14 - 4 - -4)) + -32.
-23
Calculate -1 - -10 - (58 - (10 + -16 + -8 + 6)).
-57
Evaluate (1 - (1 + 0)) + (-276 + 200 - -103).
27
What is the value of -34 - ((-48 - 34 - -101) + -14 + 1)?
-40
What is -7 - (-1 - 15 - (-5 + (-16 - -14)))?
2
What is the value of 11 + -29 + 7 + 20 - 13?
-4
What is 73 + (158 - 242) + 55?
44
-5 + 42 + -1 - (13 + -29)
52
Evaluate (-6 - (6 + -19 + 2) - 70) + (-2 - 11).
-78
What is (-21209 - -21266) + (0 - -87)?
144
What is (14 - (-28 + 17 - -33)) + 33?
25
-13 - ((11 - (-21 + 27 + 2)) + (1 - 7))
-10
Evaluate (-3 - -12) + 